5*s, -3*z - 2*s = -6*z + 11. Suppose 0*i + 12 = i + 3*r, -2*r = -i - z. What is the greatest common divisor of 21 and i?
3
Let w(x) = -28*x - 16. Let a be w(-11). Let z be (0 - 3/(-2))/(219/a). Calculate the greatest common factor of 82 and z.
2
Let s be (88/(-10))/((-1)/(-5))*1. Let f be 6*-17*22/s. Calculate the highest common factor of f and 3.
3
Suppose -5*h = 4 - 54. Let l be 0/(-2) + 6/6*h. Calculate the highest common divisor of l and 35.
5
Let j(d) = -d**2 - 8*d + 2. Let h be j(-6). Let v = h + -7. Let t = 21296 - 21261. Calculate the greatest common divisor of v and t.
7
Let q be 906 + 4 - (13 - 14) - -5. Calculate the highest common factor of 4 and q.
4
Let f be -5 + -35*6/(-15). Let d be -3*((-60)/f + -5). What is the greatest common divisor of 10 and d?
5
Let k(d) = -14*d - 30. Let g be k(0). Let q be g/((-203)/(-168) - 4/3). Calculate the highest common divisor of 30 and q.
30
Let p(g) = -5*g - 7. Let i be p(-2). Suppose -7 = i*c + 2. Let q = 17 - c. Calculate the greatest common factor of 2 and q.
2
Suppose -4*g + 5353 = 1001. What is the highest common divisor of 192 and g?
64
Let o be 2/8 + (18 - 7767/(-36)). Suppose -3*u - 12 = -3*f, 8 = 2*f + 2*u - u. Suppose -f*p = -0*p - 104. What is the greatest common factor of o and p?
26
Let m = 11800 + -11738. What is the greatest common factor of 8122 and m?
62
Suppose 13*o = 5*t + 8*o - 5005, -5*o - 1993 = -2*t. Calculate the greatest common divisor of 4 and t.
4
Suppose -8*l + 324 = -4*l. Suppose -36 = -3*i - 48. Let p(c) = 2*c**2 + 5*c - 3. Let m be p(i). What is the highest common divisor of l and m?
9
Let z be (920/161)/(8/644). Suppose -q = -3*w - 46 + 14, 0 = -4*q - 3*w + 68. What is the highest common factor of q and z?
20
Suppose 10*v + 31*v = 169740. What is the greatest common divisor of v and 18?
18
Let b = -99 - -351. Suppose -11*d + b = 3*d. Let z be 18*9/54*(-1 - -4). What is the greatest common divisor of d and z?
9
Suppose -5*v - 6*t - 31 = -3*t, -2*v = -5*t. Let c be -2 - 40/4*v. Calculate the highest common factor of c and 32.
16
Suppose -35*b = -30*b - 4*t + 1574, 5*t - 5 = 0. Let v = b - -359. Suppose 2*c = -2*c + 40. What is the greatest common factor of v and c?
5
Suppose 0 = 8*i - 5*r - 56513, -28*r + 29*r = 3*i - 21188. Calculate the highest common divisor of i and 46.
23
Let h(m) = 27*m**2 + 531*m + 22. Let k be h(-20). Calculate the greatest common divisor of k and 12.
2
Suppose -1668 = -26*p + 32*p. Let s = 423 + p. Calculate the greatest common factor of s and 58.
29
Let n(v) = -3*v**3 - 2*v**2 + 3*v + 6. Let q(y) = -y**3 + 22*y**2 - 20*y - 23. Let r be q(21). Let i be n(r). Calculate the highest common factor of 592 and i.
16
Let z be 1*1/(-2) + (-175)/14. Let k(v) = v**3 + 12*v**2 - 17*v + 11. Let r be k(z). Suppose m = -0*m + 42. What is the highest common divisor of m and r?
21
Suppose -m - 92 = m. Let v = -42 - m. Let k be ((-3 + v)/4)/((-1)/(-8)). Calculate the greatest common divisor of k and 12.
2
Suppose 14*f - 15*f = 137. Let v = -136 - f. What is the greatest common divisor of v and 29?
1
Suppose -17*s - 5*s = 16*s - 23560. What is the greatest common factor of 868 and s?
124
Let q = -210 - -219. Suppose -3*f - 8 = 16. Let d be (9/(-2))/(12/f). What is the highest common factor of d and q?
3
Let i be ((-324)/(-135))/((-2)/(-95)). Calculate the highest common divisor of i and 627.
57
Suppose -15*s + 320 = 5*s. Suppose s*f - 476 = -18*f. Calculate the highest common factor of f and 700.
14
Let x(h) = h**2 + 14*h + 38. Let g = 277 - 145. Suppose 5*s + 7*s = -g. Let c be x(s). What is the highest common factor of 45 and c?
5
Let n be (38/6)/(428/(-36) - -12). What is the highest common factor of 11248 and n?
19
Let g(t) = -78*t**2 - 4*t - 6. Let y be g(-2). Let b = y - -332. Let f(m) = -29*m - 3. Let z be f(-2). What is the highest common factor of b and z?
11
Let m(n) = 2*n**3 - 7*n**2 - 5*n + 1. Let x be m(4). Let a be x/(-9)*45/(-10)*-8. Calculate the highest common divisor of 36 and a.
12
Suppose -4*b - 6 + 2 = 0. Let r be 9/(-12 + 3) + b + 5. Calculate the greatest common divisor of r and 6.
3
Let b = 96 + 54. Let q = 95243 + -95043. Calculate the greatest common factor of q and b.
50
Let t be 20/2*5*(2 - 3). Let p = t + 53. Suppose -2*d - p*c = -141, -d + 2*d - c = 68. Calculate the greatest common factor of d and 46.
23
Let k(s) = -44*s - 72. Let c = -297 + 295. Let d be k(c). Let a(y) = y**3 - 2*y**2 - y + 2. Let o be a(3). Calculate the highest common factor of o and d.
8
Let b be 3/(-9) + (-5)/(-15). Suppose -204 = -b*q - 3*q. What is the greatest common factor of q and 8?
4
Suppose -12 - 32 = -4*c. Let i(s) = s**3 + 23*s**2 - 284*s - 14. Let t be i(9). What is the greatest common factor of c and t?
11
Suppose 33*v + 10791 = 16*v + 20*v. Calculate the highest common divisor of v and 66.
33
Suppose 0 = -8*j - 94 + 302. Suppose 34 + j = g. What is the highest common factor of 450 and g?
30
Let w = -5 - -18. Let s = 299 - 169. Suppose 2*j = 2, -4*h + 5*j + 21 = -s. What is the greatest common divisor of h and w?
13
Suppose -36*x + 2937 = -4864 - 5375. What is the highest common factor of 3111 and x?
183
Let n(m) = 607*m**2 + 12*m + 14. Let f be n(-2). Suppose 42*p - 29*p = f. Calculate the greatest common divisor of 31 and p.
31
Let m(u) = -20*u - 106. Suppose 11*q + 45 = -21. Let y be m(q). Suppose s = 3*w + 21 - 8, -3*s = 3*w - 99. Calculate the highest common factor of y and s.
14
Suppose -233 = -p - 68. Suppose -7*t + 8*t = 3*x + 30, -5*t - 5*x = -50. Calculate the highest common divisor of t and p.
15
Suppose -20 = -50*y + 54*y, 4*f = 3*y + 78951. What is the highest common divisor of 22 and f?
22
Let m be (-5808)/14 - 18/(-21). Let l = -403 - m. Calculate the greatest common factor of l and 99.
11
Let w be (4368/64)/(-13)*-332. Calculate the highest common factor of 14 and w.
7
Let z = 9713 + -9681. What is the highest common divisor of z and 5112?
8
Let i be (2/4)/((-3 + 6)/1512). Suppose -3*z + i = 3*g, 3*g + 5*z = -32 + 288. Calculate the greatest common factor of 287 and g.
41
Suppose 0 = j + 5, 2*g + j + 4*j + 13 = 0. Let d be (-8)/3 - -3 - (-10)/g. Let h = 142 + d. Calculate the highest common divisor of 24 and h.
24
Let v = -141 - -143. Suppose -v*i - 10 = 0, -3*t - 5*i + 75 - 16 = 0. What is the highest common divisor of 21 and t?
7
Let m = 52 + -7. Suppose -5*f + 6*f + m = -3*j, 5*j - 177 = 3*f. Let r be 6/(3 + -1) - f. Calculate the highest common divisor of r and 19.
19
Suppose 2*l - 2*s + 563 = -503, 0 = -s + 1. Let b = -487 - l. What is the greatest common divisor of b and 285?
15
Let r be (-31)/(-3) - (-12)/18. Let o be (-2)/11 - 10908/(-99). Let x be (126/(-84))/((-1)/o). What is the greatest common divisor of x and r?
11
Let f be (-14076)/(-63) + (-4)/(-7). Let g = -176 + 56. Let y = f + g. What is the highest common factor of 26 and y?
26
Let g = 14 - 0. Suppose g*b = 59 + 25. Calculate the greatest common divisor of b and 6.
6
Suppose -15*t = -2*p - 10*t + 112, -292 = -4*p - 7*t. Calculate the greatest common divisor of p and 1804.
22
Let i be 30/(-45)*(1 + (-9 - -2)). Suppose 20*w = -i*w + 96. Calculate the highest common factor of w and 22.
2
Let w be 330/(-21) - 7*(-4)/(-98). Let u be (2/(-5))/(w/80). Let z be 0 + 1 + 0 - -1. Calculate the greatest common factor of z and u.
2
Let t(x) = -171*x - 1635. Let b be t(-20). What is the highest common divisor of 102 and b?
51
Suppose 809*z - 825*z = -86000. What is the greatest common factor of 43 and z?
43
Let q(k) = -5*k**3 - 5*k**2 + 7*k + 9. Let z be q(-6). Let n = 56610 - 56559. What is the highest common factor of n and z?
51
Suppose 2*s = 2*u - 170, 167 = 14*u - 12*u + s. What is the greatest common factor of 2484 and u?
12
Let y be (-11 - -8)*(-2 - (-16)/3). Let n be -1 - 2/y - (-1432)/40. What is the highest common divisor of 315 and n?
35
Let z be (-14)/(-8) - -2 - 60/80. Let n be (306/9)/(z/33). What is the greatest common factor of n and 34?
34
Let b = 22 - 7. Let m be (-38)/4 + (-4 - 35/(-10)). Let p be 3*14*m/(-4). What is the greatest common factor of p and b?
15
Let v be (4560/(-192))/((-5)/8). Suppose 1959 - 8115 = -6*o. What is the greatest common divisor of v and o?
38
Let l(g) = 266*g - 929. Let z be l(4). What is the highest common factor of z and